he prime factors of c.
3, 5
Let f(k) = 584*k + 1212. List the prime factors of f(5).
2, 1033
Let i(x) = 2*x**3 - 2*x**2 + 1. Let d(o) = 27*o**3 + 8*o**2 + 4*o - 4. Let y(m) = -d(m) + 2*i(m). What are the prime factors of y(-3)?
3, 59
What are the prime factors of 16728 + (-16)/(-8) + (-44)/4?
3, 5573
What are the prime factors of (9*(-28)/(-21) - 39746)/(-1)?
2, 19867
Suppose 221*w - 8073 = 220*w + 2*r, -r = 3*w - 24198. List the prime factors of w.
3, 2689
Suppose -2*o - 4*w + 2060 = 0, 5 = 2*w - 5. Suppose -37*n = -40*n + o. Suppose -l + n = 3*l. What are the prime factors of l?
5, 17
List the prime factors of 38901/(-2)*(-1320)/396.
5, 12967
Suppose 181*h = 215*h - 892609 - 738541. List the prime factors of h.
5, 19, 101
Suppose -24*r + 308362 + 636428 = -150762. List the prime factors of r.
2, 3, 317
Suppose -780*z + 771*z = -23283. What are the prime factors of z?
13, 199
Let y = -8754 + 13607. What are the prime factors of y?
23, 211
Suppose -23*b = -21196 - 18571. What are the prime factors of b?
7, 13, 19
Let f(d) = -547*d + 1806. What are the prime factors of f(-37)?
5, 4409
Let n be ((4 + -4)/2)/(-2). Suppose n = -2*x + 6*x + 352. Let i = x - -167. What are the prime factors of i?
79
Suppose 4*p + 4 = -r + 20, 5*r - 3*p + 12 = 0. Suppose r = 3*a + 7*a - 2760. Suppose -6*i = -7*i + a. What are the prime factors of i?
2, 3, 23
Let r = -56248 - -99550. List the prime factors of r.
2, 3, 7, 1031
Suppose 7*s - 11 = 10. Suppose -a + 4*a - 122 = o, s*a - 138 = -3*o. List the prime factors of a.
2, 3, 7
Suppose -2*g + 4*f - f = 64, -170 = 5*g - 5*f. Let v = 184 + g. What are the prime factors of v?
2, 73
Let r = 2090 - -12339. Suppose 7603 = 17*g - r. List the prime factors of g.
2, 3
List the prime factors of -4 + 76/16 + 39290/8.
2, 307
Let z = -48 + 40. Let o be 93/33 + z/(-44). What are the prime factors of (o - 1 - -30)*(-5 - -7)?
2
Suppose -61388 = -3*r + 5*i, 2*r - 49652 = -4*i - 8690. List the prime factors of r.
11, 1861
Let s = -767 + 2096. Suppose -6*o + 2*o = -w - s, 1656 = 5*o - 3*w. List the prime factors of o.
3, 37
Suppose -313 + 714 = v - 2*k, k - 1613 = -4*v. What are the prime factors of v?
13, 31
Suppose 7*z - b - 20 = 3*z, 0 = z + 4*b - 5. Suppose z*v = -4*i - 67, -i - 13 = v - 0*i. Let h = v - -84. List the prime factors of h.
3, 23
Suppose -8*n = 5*b - 262036 - 46348, 5*b + 2*n = 308366. What are the prime factors of b?
2, 13, 593
Let t(o) = -o**3 - 7*o**2 - 6*o + 8. Let z be t(-6). Suppose 16 + 8 = z*n. Suppose -2*w - n*y = y - 66, -5*w = -5*y - 240. List the prime factors of w.
43
Suppose 27*f - 25143 = -2*u + 24*f, 25140 = 2*u + 2*f. List the prime factors of u.
3, 59, 71
Suppose 2*u + 11 - 19 = 0, 2*u + 11116 = 3*z. Let a = -2167 + z. List the prime factors of a.
23, 67
Let m(h) = h + 28. Let l be 3/(-18) + (-222)/(-36). Suppose -d + 2*r + 1 = 0, -4*d + l = 4*r - 46. List the prime factors of m(d).
37
Suppose 11*l = -2*l + 52. What are the prime factors of ((-222)/l)/((-180)/960)?
2, 37
Suppose -2295 - 22605 = -25*c. List the prime factors of (11 + -9)/(-1 + 2) + c.
2, 499
Suppose -24 + 24 = 13*k. Suppose -75 = 5*q - c - 4464, 4*q + c - 3513 = k. List the prime factors of q.
2, 439
Suppose -4*n + z + 100755 = 0, 107*n = 103*n + 5*z + 100735. List the prime factors of n.
2, 5, 11, 229
Let c(a) = 13*a**2 + 23*a + 1. Let q be c(-10). Suppose -33*y + 40*y - q = 0. List the prime factors of y.
3, 17
Let q(h) = 65*h**2 - 113*h - 730. List the prime factors of q(-6).
2, 11, 13
Let j = 25 - 18. Suppose 42*w = 43*w - j. Suppose 0*x = w*x - 651. What are the prime factors of x?
3, 31
Let d(m) = -2*m**2 + 20*m + 76. Let b be d(14). List the prime factors of (133/57)/(34/b + 1).
2, 3, 7
Let s(k) = 15*k**3 + 159*k**2 + 33*k + 48. Let d(u) = u**3 + 10*u**2 + 2*u + 3. Let w(i) = -33*d(i) + 2*s(i). List the prime factors of w(-5).
2, 3
List the prime factors of (-1128)/(-1034) - (-182731)/11.
37, 449
Let x(p) = -269 - 41*p**2 + 14*p**2 + 4*p + 15*p**2 + 13*p**2. Let z be x(0). List the prime factors of (-1)/(-3 - z/90) + -4.
2, 43
Suppose -2*k = 6, a + 118469 = 6*a - 3*k. What are the prime factors of a?
2, 5923
Let s be 5 - 9 - -5 - 2. List the prime factors of 3020/15 + 7 + s/3.
2, 13
Let x = 126 - 88. Let b be (x - 38)/((4*1)/2). Suppose 0 = -l - 4*f + 99, 3*f + b*f = l - 78. List the prime factors of l.
3, 29
Suppose 2*j - 83564 = -o + 76032, 5*o - 79834 = -j. List the prime factors of j.
2, 3, 11, 13, 31
Let s be 4705/10 - (-1)/2. Let q = s - 162. What are the prime factors of q?
3, 103
Suppose 0 = -21*t - 0*t + 462. Let y(g) = 11*g - 18. What are the prime factors of y(t)?
2, 7
Let r = -1046 + 4837. What are the prime factors of r?
17, 223
Let o(t) = -1280*t - 3837. List the prime factors of o(-6).
3, 7, 61
Let x be ((-900)/(-24))/(6/32). Let b = 87 + x. Let u = -187 + b. List the prime factors of u.
2, 5
Suppose 2*n - 3583 = -2*v + 11043, 3*v = 9. What are the prime factors of n?
2, 5, 17, 43
Let l = -73 - -76. Let a be l/(-3) - (0 + 54). Let h = a + 75. List the prime factors of h.
2, 5
Let j = 40280 - 36779. List the prime factors of j.
3, 389
Suppose t = 3*v - 93 - 15, -v + 36 = -5*t. Suppose v*j = 32*j + 20. Suppose -j*g = -710 - 70. What are the prime factors of g?
2, 3, 13
Let p(j) = 36*j - 106. Let q(x) = -12*x - 28. Let n be q(-3). List the prime factors of p(n).
2, 7, 13
Suppose 0*b - 4 = -2*b + 4*z, 9 = b + 5*z. Let q be 140/(-77) - b*3/66. What are the prime factors of q/(-4) - 4452/(-56)?
2, 5
Suppose 1854 - 5004 = -5*n. Let o = 226 - n. Let r = -287 - o. What are the prime factors of r?
3, 13
Suppose -10*w - 14 = -17*w. Suppose -736 = -w*d - 12*u + 8*u, -730 = -2*d + 2*u. List the prime factors of d.
2, 3, 61
Let v(l) = -l**2 - 3*l + 6. Suppose 0 = -4*p - 16. Let a be v(p). Suppose 100 = a*b - 0*b. List the prime factors of b.
2, 5
Let o(m) = 7*m + 45. Let d(y) = 29*y + 179. Let j(l) = -6*d(l) + 26*o(l). Let n(c) = -3*c**2 - 6*c. Let t be n(-2). List the prime factors of j(t).
2, 3
Suppose -z = 3*s - 12383 - 38583, 2*z + s - 101977 = 0. What are the prime factors of z?
50993
Suppose -44 = -2*i - 20*i. Let s(k) = 68*k**3 + 2*k**2 - 9*k + 10. What are the prime factors of s(i)?
2, 17
Let v(k) = -7*k**3 - 2*k**2 - 4*k + 3. Let m be v(4). Let g be (-4 - (0 + -2))/(-2). What are the prime factors of (m/58)/(g/(-10))?
5, 17
Let g(v) = v**2 - 4*v - 168. Suppose 0 = -40*b - 5*b + 1125. List the prime factors of g(b).
3, 7, 17
Let a = -222 - -225. List the prime factors of 402 - a/(18/6).
401
Let z(g) = -g**2 - 14*g - 18. Let o be z(-12). Suppose -o = 3*s + 204. Let f = 23 - s. List the prime factors of f.
3, 31
Suppose -4 + 19 = 5*w. Let h be ((-22)/w)/((-6)/18). Suppose -28 = -3*p - 4*u, 2*u = 4*p - p - h. What are the prime factors of p?
2
Let w(d) = -d**2 - 27*d + 30. Let i be w(-28). Suppose l = 4*v - 86, 308 = -3*l - l - i*v. Let j = l + 108. What are the prime factors of j?
2, 3, 5
Let j(w) = -11*w**3 + 22*w**2 + 31*w - 132. Let s(x) = 17*x**3 - 33*x**2 - 47*x + 198. Let c(d) = -8*j(d) - 5*s(d). List the prime factors of c(8).
2, 397
Let r be 12/(5 + -9) + 5 - -2. What are the prime factors of r/(-14) - (-7)/(196/5888)?
2, 3, 5, 7
Let y = 24 + -11. Suppose 5*v = 7 + y. Suppose -96 = -v*d - 8. What are the prime factors of d?
2, 11
Suppose -2*j - 43481 = -5*n + 7587, 3*n - 30632 = -j. What are the prime factors of n?
2, 3, 23, 37
Suppose 5*m = 4*y - 252, y + 158 = -3*m - 0*y. Let p = 57 + m. Suppose -4*j - 46 = -p*s - 430, 4 = -s. List the prime factors of j.
7, 13
Suppose -238*d = -290*d + 2213536. What are the prime factors of d?
2, 17, 313
Suppose -125*u = -132*u + 154. Let x(b) = 3*b**2 - 33*b + 70. What are the prime factors of x(u)?
2, 199
Let m(x) be the third derivative of -x**4/12 - 13*x**3/3 - 16*x**2. Let i be m(-14). Suppose h + u + i*u = 60, 170 = 3*h - u. What are the prime factors of h?
3, 19
Let z = 647 - 977. Let i = 495 + z. What are the prime factors of i?
3, 5, 11
Suppose -483 = 14*p - 14189. What are the prime factors of p?
11, 89
Suppose y - 100 = 11*y. Let h(a) = a**3 + 10*a**2 - a - 6. Let x be h(y). Suppose 4*i + 154 = 2*c, c + x*i - 49 = 4. List the prime factors of c.
3, 23
Let h(p) = 16*p**3 + 11*p**2 + 50*p. List the prime factors of h(9).
3, 5, 17
Suppose -2 = -p + 3, 4*p = 2*w +